nd derivative of -m**4/12 + m**3/6 + 3*m**2/2 - 18*m. Let w = 11 - 5. Suppose 0 = w*i - 5*i. Determine q(i).
3
Let q be 4*5*6/8. Suppose y = 4*y + q. Let i(m) = m**3 + 4*m**2 - 3*m + 3. Determine i(y).
-7
Let x(t) = -9 + 10 + 0*t + t - 10. What is x(6)?
-3
Let g(l) = l + 69*l**3 - 13 - 35*l**3 - 35*l**3. Determine g(0).
-13
Let z(k) be the second derivative of k**5/20 + 3*k**2/2 + 11*k. Give z(0).
3
Let f(g) = -2*g - 2 + 2*g**2 + g - g**2 + 0*g**2. What is f(-3)?
10
Suppose -34 = -3*c + 2*l, 4*c - 2*l - 40 = 2*l. Let r be (-2)/(-7) - (-24)/c. Let m(i) = 1 + 0 + r - 2*i. Give m(2).
-1
Let v = -3539/20 + 177. Let c(b) be the second derivative of v*b**5 + 1/3*b**3 + 0 + 2*b - 1/2*b**2 - 1/3*b**4. Determine c(4).
7
Let z(w) = 3*w. Suppose r + 1 + 4 = 0. What is z(r)?
-15
Suppose -4*v = 17 + 55. Let u be (9/6)/(v/(-24)). Let d(q) = -q**3 + q**2 - q - 1. What is d(u)?
-7
Suppose 2*o + 4 = -0*o. Let s(r) = 2*r**2 - 2*r - 6*r**2 - 2*r**3 - r. What is s(o)?
6
Let n be (4/(-1 - 1))/1. Let s(m) = -5*m**2 + 3*m. Let j(o) = -2*o**2 + o. Let p(k) = 8*j(k) - 3*s(k). What is p(n)?
-2
Let q(l) = -l**3 - 6*l**2 - 2*l - 9. Let r be (126/7)/(0 - -1). Suppose 4*y + r = y. Determine q(y).
3
Let o(p) = p + 1. Suppose -s + 6 = 2*s. Suppose 0 = -s*x + x. What is o(x)?
1
Let y(b) = -b**3 + 5*b**2 + 4. Let h(x) = x**3 - 2*x**2 - 3*x - 3. Let i be h(-2). Let n = i + 18. Determine y(n).
4
Let p(z) = z + 1. Let l(s) = 3*s + 1. Let r(i) = l(i) - 4*p(i). Let n = -13 - -7. Let h = -11 - n. Calculate r(h).
2
Let i(x) = 3*x - 2. Let b(h) = -2*h + 1. Let a(k) = -5*b(k) - 4*i(k). Determine a(-3).
9
Let c(g) = -g**3 - 3*g**2 - g + 1. Let d be c(-2). Let p(z) be the second derivative of z - 1/2*z**2 + 3/10*z**5 + 0 - 1/6*z**4 - 1/3*z**3. Calculate p(d).
-7
Let w = -1 + 6. Let b = w + -6. Let y(a) = -a**2 - a + 1. Give y(b).
1
Suppose -5*y = 4*l - 6 - 4, 0 = -4*y + 5*l - 33. Let n be (0 - -1)*(-4)/y. Let a(d) = -6*d + 5. Let s(b) = 7*b - 6. Let z(h) = -5*a(h) - 4*s(h). Give z(n).
3
Suppose 4 = h - 1. Suppose 2*v = h*v. Let s(b) = b**3 + 4. Give s(v).
4
Let j(t) = 4*t - 1 - t + t. Calculate j(3).
11
Let m(c) = -c - 2. Let b(x) = -3*x**3 - 2*x**2 + x - 2. Let p be b(-2). Let g = p + -12. Determine m(g).
-2
Let f(h) be the third derivative of -h**5/60 - 5*h**4/24 - h**3/2 - 2*h**2. Calculate f(-3).
3
Let o(h) = 3*h - 3. Let s = -2 - -8. Suppose -2*y - 2 = -s. Let d(k) = k + 1. Let x be d(y). Give o(x).
6
Let d(i) = i**3 - 4*i**3 + 2*i**3 - 3*i**2 + 1 + 4*i + 1. Calculate d(-3).
-10
Let y(a) = 0*a + 10*a + 6*a + 1 - 6*a. What is y(1)?
11
Let u(d) = d**3 + 4*d**2 - 4*d - 5. Suppose -5*g + 50 = -5*b, 3*b - 6 = 5*g - 46. Calculate u(b).
-10
Let v(i) = -5*i**3 + 2*i**2 - 2*i + 1. Let q(n) = n - 4. Let d be q(5). Let g be v(d). Let s(x) = -x**3 - 4*x**2 - x - 1. What is s(g)?
3
Suppose 4*r - 5 - 3 = 0. Let w(s) = 0 - s**r + 0*s - 6*s + 2. Suppose 0 = -5*c - 2*m - 25, 0 = -4*c + 5*m - 2*m - 20. What is w(c)?
7
Let w(q) = -4*q**3 + q**2 + q + 1. Let x be (5 - 2)*(-1)/3. Let o = -2 - x. Calculate w(o).
5
Let p(u) = -5*u**3 + 13*u**2 + 10*u - 8. Let x(q) = q**3 - q**2 - q - 1. Let v(h) = p(h) + 6*x(h). Let l be v(-6). Let b(n) = n - 1. Calculate b(l).
-3
Let g(p) = -4*p - 2*p + 4*p. Let f be (16/10)/((-4)/(-10)). Suppose f + 2 = 3*d. Give g(d).
-4
Let v be (-4 + 1 - -11)/2. Let y(i) = 2*i**2 - 7*i + 5. Give y(v).
9
Let h(s) = s**2 + 9*s - 7. Let j(n) = n**3 + 28*n**2 - n - 37. Let k be j(-28). What is h(k)?
-7
Let b(u) = u**3 + 4*u**2 + 4*u + 4. Suppose r - 3*g = -3*r - 24, -4*r - 5*g = -8. Calculate b(r).
1
Let w(z) be the third derivative of z**2 - 1/60*z**5 + 0 - 1/2*z**3 - 5/24*z**4 + 0*z. Give w(-4).
1
Suppose m = i - 3*i + 2, 2*m = 8. Let h(c) be the second derivative of -c**4/2 - c**3/3 - c**2/2 + 14*c. Determine h(i).
-5
Let j(o) = -o**3 - 5*o**2 - 2*o - 2. Suppose 2*p = -2*p + 56. Suppose 3*k - 4*s - 12 = 8*k, k - 5*s = -p. Calculate j(k).
-10
Let d be (-2)/(-8) + 30/8. Suppose 2*b - 24 = d*a, -12 = -b + a - 5. Let y(c) = -3*c + 0*c + 0*c**b - 4 + 2*c**2 + 0*c. Give y(3).
5
Suppose 0*n + 8 = 2*n. Let y(r) be the second derivative of r**4/24 - r**3/2 - r**2/2 - r. Let i(d) be the first derivative of y(d). Determine i(n).
1
Let u be (0 - -4)*2/2. Suppose u*c - 4 = -0*c. Let b(w) = -2 + c - w + 0*w. Determine b(1).
-2
Let t(o) = -3*o**2 + 7*o - 2. Let k(q) = q**2 + 1. Let g(b) = -2*k(b) - t(b). Calculate g(6).
-6
Let g = -9 + 6. Let d be -3 + 5 + 3/g. Let o(j) = 8*j. Determine o(d).
8
Let w(b) = b**2 - 4*b - 2. Suppose -3*o + o = 5*h - 27, -2*o - 4*h + 28 = 0. Suppose -d - 5 + 4 = -2*z, 2*z = -4*d + o. Suppose 20 = z*x + 3*x. Give w(x).
-2
Let b(k) = k**2 - 3*k - 1. Let j(q) = q**3 - 7*q**2 - q - 1. Let r be j(7). Let s be (-30)/r - (-9)/(-12). Give b(s).
-1
Let a(x) = -x + 2. Suppose 0 = 2*t - 0*p - 2*p - 8, -4*t + 17 = -5*p. Suppose t = -2*g + 13, -2*g - 10 = -4*u. Determine a(u).
-3
Suppose -5*w - 5*h - 65 = 0, 0 = 3*w - 4*w - 3*h - 15. Let z = w + 8. Let x(c) be the first derivative of c**4/4 + 2*c**3 + 3*c**2 + c - 4. Calculate x(z).
9
Let z(j) = j**2 - 4*j - 4. Let r = 3 - 3. Let x = 5 - r. Determine z(x).
1
Let p(t) = -8*t**3 + t**2 - 1. Let r(k) = 4*k + 3. Let a be r(-1). Calculate p(a).
8
Suppose -5*z + 100 = -5*m, 60 = 3*z - 4*m - 0*m. Suppose a = 6*a + z. Let g(r) be the first derivative of r**2 + r - 1. Calculate g(a).
-7
Suppose 4*p = -5*t + 20, 4*t + 0 = 3*p + 47. Let c(m) = -m**2 + 3*m. Let v be c(3). Suppose v = 5*d + t + 7. Let l(h) = -2*h**2 - 4*h. Determine l(d).
-6
Let q(v) = v**2 + 0*v + v + 4 + 3. Let p(h) = h**3 - 9*h**2 + 9*h + 7. Let k be p(8). Suppose 15 = -w - 2*w + 3*j, 3*w - k = -3*j. Calculate q(w).
7
Let t(b) be the first derivative of 0*b - 2 + 1/24*b**4 + 0*b**2 - 1/3*b**3 - 1/40*b**5. Let v(u) be the third derivative of t(u). Determine v(1).
-2
Let s(k) = k + 10. Let p(o) = 0*o + 8 + 4*o - 9. Let r be p(-1). Determine s(r).
5
Let z(c) = -10*c + 1. Let p(g) = 10*g - 1. Let a(t) = 6*p(t) + 7*z(t). Determine a(-1).
11
Suppose -5*a - q = -13, 17 = 4*a + 4*q - q. Let y(d) = -d + 1. What is y(a)?
-1
Let h(g) be the second derivative of -g**7/1260 - g**6/360 - g**5/120 + g**4/6 + 3*g. Let v(j) be the third derivative of h(j). Give v(-2).
-5
Let o(n) = 4*n**2 + 10*n + 6. Let w(d) = -7*d**2 - 19*d - 12. Let u(x) = 5*o(x) + 3*w(x). Let j = -7 + 11. Suppose 5*b + j = -16. Calculate u(b).
6
Let l(j) = 5*j. Let h be l(1). Let a = 1 - -7. Let i(k) = 0 - 2*k - 3 - k**2 + a*k. Calculate i(h).
2
Let n(c) = c**2 - 5*c - 1. Let a be (-2)/(-8) + 35/(-28). Let h be ((-4)/(-8)*-10)/a. Determine n(h).
-1
Let a(c) = -c + 9. Suppose -2*n - 19 - 15 = -3*l, 3*n = -2*l + 1. Determine a(l).
1
Let c(n) = 1 - 3 - 2*n - 1. Determine c(-6).
9
Let a(i) be the second derivative of i**5/20 - i**4/2 + 5*i**3/6 - i**2/2 - 2*i. Calculate a(5).
-1
Let s(l) = l - 2 - l - l. Suppose x = 104 - 36. Let t be (-2)/12 + x/(-24). Determine s(t).
1
Let m(p) be the third derivative of 0 + 0*p + p**2 + 1/24*p**4 + 3/2*p**3. Suppose -3 = 2*z + 7. What is m(z)?
4
Let v(b) = -3*b**2 - b - 4. Let n(r) = -8*r**2 - 3*r - 11. Let f(a) = -4*n(a) + 11*v(a). Give f(2).
-2
Let b(q) = q**3 + q**2 - q - 2. Let y(a) = a**3 - a. Let u be y(2). Suppose -w = -5*r + u, -3*w = -4 - 8. Calculate b(r).
8
Suppose 0 = 4*f - f + 15. Let h(l) = -l + 1. Let c(b) = -8*b - 1. Let p(m) = c(m) - 6*h(m). Determine p(f).
3
Let i(w) = -5*w + 4. Let p(n) = 5*n - 3. Let y(x) = -3*i(x) - 4*p(x). Determine y(1).
-5
Let w = 9 - 18. Let j(y) = y**2 + 13*y - 8. Let o be j(w). Let i be (-2)/(-5) + o/10. Let r(m) = -2*m - 4. What is r(i)?
4
Let g(k) be the third derivative of 0*k + 1/2*k**3 - 8*k**2 - 1/24*k**4 + 0. Suppose 0 = 2*d - 4*i - 32, 2*d - 5*i = -0*i + 37. Give g(d).
-3
Let r be (-2 + 1)/((-4)/(-20)). Let s(k) = -k + 2. Give s(r).
7
Let d(r) = -r**3 - 2*r**2 - 3. Let h be (-2 + (-6)/(-2))*-19. Let y = h + 31. Suppose c = -1 + 2, 0 = 5*u + 3*c + y. Determine d(u).
6
Let l(c) = c + 1. Let q(y) = -4*y - 3. Let x(h) = -2*l(h) - q(h). Give x(-5).
-9
Let j(k) be the third derivative of 1/12*k**4 - 7*k**2 + 0 - 1/3*k**3 + 0*k + 1/60*k**5. Give j(-3).
1
Let b(o) be the third derivative of -o**5/60 - o**3/2 - o**2. Calculate b(0).
-3
Let c(v) = -2*v**2 + 7*v. Let o be 2 + -1 - (2 + 2). Let b(r) = r**2 - 6*r - 1. Let t(j) = o*b(j) - 2*c(j). D